 - -31) + -4?
28
Evaluate -9 - ((0 - 17) + 317 + -344).
35
Calculate (4 + 3 - 17) + -6 + -1 + 4.
-13
-4 + -25 + 20 - (-1 - (-3 + 1))
-10
Evaluate -4 + (2 - 2) + (-1 - 10 - -7).
-8
Evaluate 1 + -2 + -5 + 4 + 8.
6
What is 0 + -6 + (27 + -21 - (3 - 6))?
3
What is the value of 2 - -34 - (-123 - -143)?
16
What is the value of -9 + (-9 - (0 + -10)) + 15?
7
What is the value of 33 - 22 - 16 - -20?
15
Evaluate -17 + (1 + 7 - -1) - (-1 + -5).
-2
What is 41 + -17 + -13 + -3?
8
What is (69 - 77) + (1 - -15) + -8?
0
What is the value of -2 - 0 - (-9 + 0) - (-1034 + 1059)?
-18
What is the value of -1 - 4 - (-4 + 11 + -2 + -10)?
0
-109 + 92 + (-15 - -2 - -1)
-29
Calculate (29 - (5 - 3)) + -29 + 18.
16
Evaluate 8 + (-41 - -14 - -14).
-5
-1 + (-2 - -2) + -13 + 33 + 4
23
8 + -12 - (-7 - 1 - -12)
-8
Calculate 5 + (3 - (-9 - -4) - 4) + -12.
-3
Calculate 12 - 3 - (-3 - (5 - 3 - 6)).
8
Calculate (-1 - -10) + 180 + -172 + (-5 - 1).
11
Calculate (-6 - 5 - -12 - (-3 + -2)) + -15.
-9
What is -6 + -3 - -3 - ((15 - -4) + -19)?
-6
What is 1523 - 1506 - (9 + -1)?
9
Evaluate -8 + (-13 - -14) + 4 + 26.
23
What is the value of 5 + -10 + (-21 - -8) - -8?
-10
What is the value of (-99 - -96) + -10 + 3 - (0 + 2)?
-12
Evaluate -32 + 18 + (-113 - -89).
-38
Evaluate 41 + -29 + (28 - (-3 - -14)).
29
What is the value of 15 - (8 - 8 - -22)?
-7
What is (23 + -15 - 16 - -2) + 5?
-1
What is the value of 34 + (-179 + 170 - (-1 + 1 + -4))?
29
Evaluate -4 - (-7 - -8) - 8 - -2.
-11
865 + -832 - (59 + -2)
-24
Evaluate (-2 - (0 + 5)) + (4 - 0) + 2.
-1
-40 + 0 + (814 - 778)
-4
Evaluate -1 - (54 + -38 + -16 + -2).
1
What is 21 - (-17 - (12 + -43 + 12))?
19
What is the value of (8 + -6 - -1) + (-6 - -5)?
2
Calculate -6 + 35 + -23 + (2 - 9).
-1
What is the value of (-17 - (1 + -18)) + 9?
9
Evaluate (2 - (0 + -8 + 9)) + -24 + 20.
-3
Calculate 17 - ((-1 - -10) + -9) - -1.
18
What is the value of -20 - -3 - (27 - 38)?
-6
What is the value of 1 + (5 + 5 - 24)?
-13
What is the value of (-5 - -8 - 14) + (10 + -5 - 0)?
-6
Calculate -1 + (6 - -8 - 16) + 2.
-1
What is (14 - 37) + 36 + -29?
-16
Calculate -22 + 19 + -22 + 0 + -11.
-36
What is -8 - -24 - (13 - (7 - -3))?
13
What is -27 + (-2 - -18) - (-9 + 3)?
-5
-14 - (-9 - 3) - -9
7
Evaluate -15 + 34 + -23 + (1 - -1).
-2
Evaluate (31 + -25 + -14 - (-21 - 0)) + -2.
11
(10 - 11) + -10 - -9
-2
2 - (-3 - (3 + -5 - 5)) - 2
-4
Evaluate 5 + 3 + (13 - 27) - (-6 + -1).
1
(6 - (2 - -24)) + 43
23
2 + (-82 - -78) + (22 - 3)
17
Calculate -9 - (32 - 8 - 1).
-32
2 - 0 - (49 - 53)
6
Calculate -2 + -3 + 1 + 35 + -30 + 7.
8
4 + 9 + -8 + (0 - -6)
11
Evaluate 6 + -3 - (3 - (-15 + 0)) - -4.
-11
(13 + -2 - (46 + -23)) + 2
-10
Evaluate (-20 - -32 - (6 + 11)) + 28 + 2.
25
What is -3 - ((1 - -2) + 13 + -15)?
-4
Calculate (-4 - (-7 + 1 + 6 - -1)) + 0.
-5
What is the value of (-12 - 37 - -33) + -10?
-26
Calculate 8 + (111 - 100 - (1 + 1)).
17
(200 - 204) + 2 + (-2 - -2)
-2
What is the value of (-12 - (-37 - -19)) + 10?
16
1 - ((2 - (2 + -15)) + (244 - 254))
-4
Calculate -2 + -16 + 2 - (-92 - -85).
-9
Evaluate -2 + (14 - (16 + 1)).
-5
Evaluate 4 + (15 - 33) + 18.
4
What is the value of (24 + -17 + (-1 - 1) - -1) + 0?
6
7 + (-17 - (2 - 7)) + 13
8
What is the value of (-3 + 2 - (-2 + 5)) + (10 - 11)?
-5
((3 - 5) + -8 - (4 + -10)) + -11
-15
What is the value of -30 - -31 - (0 - -6)?
-5
Calculate (12 - -1) + 185 + -201 + -18.
-21
Calculate 5 + (-4 - (-15 - (5 - 19 - -9))).
11
Calculate 5 + -7 + -5 + (-7 - -2) + 3.
-9
Evaluate -2 - 13 - (4 - (-16 + (-8 - -22))).
-21
(5 - -13 - 26) + 26
18
What is the value of (3 - (0 + 20)) + 2 + (68 - 63)?
-10
What is -2 + -1 - (0 - 2) - (695 - 692)?
-4
9 + (39 - 34 - (5 + -2)) - -7
18
0 + -25 + (-11 - -8) + 8
-20
What is the value of 2 + 1 + 4 + -4?
3
Evaluate (-10 - (-12 - -6 - 1)) + -2 - 3.
-8
Evaluate (9 - -4 - 4) + -7.
2
-69 - (-38 - (-11 - -6))
-36
Calculate -4 + 3 + 0 + (-10 - -27).
16
Evaluate -8 - ((36 - (-2 - -15)) + -15).
-16
What is (14 - 5) + -14 + 9 - (25 - -1)?
-22
What is -9 + 16 + -8 + -7?
-8
What is -6 + (1 + (4 - 4) - 10)?
-15
Evaluate 2 + (0 - -7) + 100 + -86.
23
Calculate (18 - 13) + -5 + -4 + -1.
-5
(-13 - -7) + 14 + -3 + (23 - 14)
14
202 + -201 + (2 - 2)
1
Calculate 16 + (-7 - -13 - 24).
-2
Evaluate 10 + -3 - (-9 - -3) - (6 - -1).
6
What is the value of (-2 - 2) + (-2 - -8) + -17 + 8?
-7
What is -22 + 17 + 2 - (-27 - 1) - 5?
20
Calculate -20 - (18 - (33 + 4)).
-1
Calculate 19 + (27 - (34 + 32)).
-20
Evaluate -5 - (-1 - 8) - ((9 - 26) + 1).
20
Evaluate 28 - (12 - -7) - (-2 + -1).
12
What is (221 - 219) + (-1 - -1) - 0?
2
-2 + -1 + 0 + 24 + -24
-3
Evaluate 3 + -1 - ((0 - 17) + 36).
-17
(-34 - -26) + (-13 - 2 - -2 - -5)
-16
6 + -16 + (4 - -13)
7
Calculate -5 - 1 - (-8 + -4).
6
What is the value of (7 - (13 + -18)) + -23?
-11
(8 - -10 - 6) + -1
11
Calculate 1 + 27 + (7 + -12 - 5) + 1.
19
Evaluate 0 + -3 - (13 - 26).
10
What is the value of 105 + -113 + (3 - (3 + -10))?
2
Calculate -10 + -5 - (-50 + 49 - (2 + 0)).
-12
Evaluate (-9 - 7) + 36 - (0 - (-7 - -1)).
14
Evaluate (-1 - -1) + (1 - -1) + (5 - -1).
8
What is the value of (-10 - -45) + -22 + 1?
14
What is the value of 9 + (-4 - (-5 - (-26 + 5)))?
-11
Evaluate (-2 - 10) + -20 + 56 + -13.
11
What is the value of (48 - (-36 - -64)) + (-2 - 0 - 1)?
17
(-23 - (-34 - 7)) + -22
-4
What is 7 + -8 + -6 - (-3 + -5)?
1
Calculate (28 - 3) + 3 - (4 - (-33 + 25)).
16
Calculate 501 + -502 + (-1 - (3 + 2 - 0)).
-7
What is 5 + 11 + (7 - (10 + -5))?
18
Calculate (-1073 - -1079) + (0 + 2 - 17).
-9
What is 10 - (20 + 1 + (138 - 130))?
-19
Evaluate -10 - (-21 + 15 + (-2 - 0)).
-2
Evaluate -14 + 2 - (-1 + 7 + 12).
-30
What is -14 + 20 + -2 + -8?
-4
Evaluate -15 + (-179 - -202) - (-1 + (-1 - -5)).
5
-1 + ((7 - 1) + (-91 - -89) - -10)
13
Evaluate (20 - 18) + (1 - (-1 + 0 + -5)).
9
What is -21 + 10 + 5 - ((-10 - 4) + 2)?
6
What is the value of -2 + -14 - (-1037 - -1027)?
-6
Calculate -12 - (-35 + 16 + 5).
2
Calculate -2 + 17 - (89 - 77).
3
Calculate 0 + -1 + -1 + -11 + (11 - -5).
3
Calculate 920 + -933 + (14 - (-2 - 0)).
3
What is the value of -41 + -13 - -45 - (-8 - 1)?
0
62 + -27 + -22 - 15 - (25 - 0)
-27
What is the value of -4 + 14 - 34 - (-8 + 7 + -1)?
-22
Calculate -58 + 37 + (6 - -1) + 5.
-9
Calculate -6 + (-13 - (14 - 25)) - -36.
28
13 + -1 + 0 - (-72 - -73)
11
Evaluate -11 + 47 + -25 + -10.
1
Evaluate -7 + 6 + (-6 - (0 - 9) - 0).
2
What is (-9 - (-1 + (-21 - -8))) + -29 + -2?
-26
What is the value of -1 + (-17 - 4) + -1 + 2 + 0?
-21
What is the value of 4 + (-16 - (14 - 28)) + (-1 - -11)?
12
Evaluate (-5 + 19 - 5) + -2 - (0 - -6).
1
What is (40 - 25 - 41) + 15?
-11
-21 - (-15 + 11 + -10 - -15)
-22
-20 + -3 - (0 - (0 - -6))
-17
Evaluate -16 + 56 + -12 - (1 - (-2 - 0)).
25
What is the value of -16 + -9 + (-10 - (-17 + -3))?
-15
What is -35 + 43 + 0 + (-9 - 4)?
-5
What is the value of -11 - (-11 + 4) - 2?
-6
Evaluate 5 + (11 - 17 - ((0 - 4) + 1)).
2
-4 + 16 - 6 - (-8 + 8) - 16
-10
13 + 0 - (19 + (-5 - 8)) - -7
14
Evaluate (-4 - 0) + -12 + 7 + 19.
10
What is the value of -1 - ((7 - 13 - -3) + 7) - 11?
-16
What is the value of -24 + (3 - (1 + -13))?
-9
What is -1 + -5 - (-38 - (-22 - 17)) - -6?
-1
(7 - 1) + 125 + -123
8
-10 + (3 - (7 + -5 - 2 - -4))
-11
3 - (1 + 0 + 3 + 304 + -293)
-12
What is -18 + 45 + (-42 - -22)?
7
Calculate (-256 - -223) + (7 - -2).
-24
What is the value of 5 + 0 - (37 - 12 - 27)?
7
3 - (-8 + 2 + (-4 - 8 - -15))
6
What is the value of -54 - -45 - (-3 - -2)?
-8
What is the value of -4 - (15 + -11) - (-2 + -21 + 2)?
13
What is 16 + ((5 - 22) + 14 - (4 - 0))?
9
Calculate -146 + 104 + (27 - -4).
-11
Calculate 6 + -12 + -1 + 22.
15
What is 22 - -22 - 53 - (1 - 1 - 39)?
30
Calculate 22 + -7 + (1 - 0) + (10 - 4).
22
Evaluate 24 + -28 - -30 - 19.
7
What is the value of (1 - -8) + (-50 - -49) - 0 - 17?
-9
(4 - (-7 + 12 + -13)) + (-5 - -6)
13
Calculate -14 - (-1 + -3 - (15 + -12 + -1)).
-8
What is (-37 - -4) + -136 + 145?
-24
What is the value of 8 + -6 + (-6 - -10) + 1?
7
-3 - (38 + -25 - 32)
16
What is the value of (-5 - -15) + (-83 - -75)?
2
Calculate (-22 - (-16 - 24)) + -6.
12
What is the value of 26 + (-49 - 3) + 6?
-20
-5 - ((10 - 5) + -1) - -31
22
Evaluate 6 + (-11 - (-20 - -2)).
13
Calculate (1 - 1) + (-20 - -12) + 12.
4
38 + -18 - (6 + -2)
16
Calculate 0 + -18 + -51 + 135 + -